+ 4*v + 6 = -55, 4*c + v = 32. Let n be 12/c*9 + 0. Suppose 275 = -n*l + 1211. What is the units digit of l?
8
Let w(z) = -38*z + 34. Suppose 0 = 5*h + 5*x - 10, -x = 2*h - 0*h - 7. Let d(r) = 77*r - 67. Let i(f) = h*w(f) + 3*d(f). What is the tens digit of i(5)?
7
Suppose -2*v + 3*k + 3684 = 0, -5*v - 5*k + 5526 = -2*v. What is the units digit of ((-16)/5 - -3) + v/10?
4
Suppose 0 = -2*q - 2*u + 52, -3*u = -2*q + 68 + 4. Suppose -q*b - 797 = -29537. What is the units digit of b?
8
Let l be (-4311)/99*7 - (-2)/(-11). Let n = l + 450. What is the hundreds digit of n?
1
Let l be (-2)/(-2) + -13 + 14. Suppose 3*o - 69 = -5*q, 0 = l*q - o - 21 - 0. What is the tens digit of q?
1
Let y(g) = 4*g**2 + 21*g + 15. Suppose 0 = 3*u + 33. What is the tens digit of y(u)?
6
Suppose -t - 5*i - 397 = -18815, 3*t - 55394 = 5*i. What is the thousands digit of t?
8
Let m(a) = -a**3 - 8*a**2 + 8*a - 2. Let t be m(-8). Let c = t + 213. Suppose l + 7 = c. What is the tens digit of l?
4
Let g(z) = z**3 - z**2 + z - 32. Suppose 8*w - 11*w = 0. Let s be g(w). Let d = s - -53. What is the units digit of d?
1
Suppose 76*r - 4791 = 19201 - 5448. What is the units digit of r?
4
What is the thousands digit of 7/(-1) + (200552/(-10))/((-82)/205)?
0
Let m(r) = -r**3 + 16*r**2 - 24*r + 15. Let a = -94 - -105. Suppose -a*n = -4*n - 98. What is the units digit of m(n)?
1
Let u(v) = 7*v - 3. Let y be u(1). Let k be y - 3*(-1)/3. Suppose k*w = 525 - 150. What is the units digit of w?
5
Let v be ((-5)/3)/(24/(-8352)). Let h = v - 346. What is the units digit of h?
4
Let a = -2310 - -4977. What is the tens digit of a?
6
Let m(t) = t + 522. Suppose 0 = 62*h - 63*h. What is the tens digit of m(h)?
2
What is the thousands digit of (-6)/9*(-5)/(160/422544)?
8
Suppose 4*u - 25 - 35 = 0. Let o(g) = 4*g - 23. Let i be o(u). Suppose -5*r + 73 = -q, 0 = 2*r - 0*r - 3*q - i. What is the tens digit of r?
1
Let d(u) = 3*u**3 - u**2 + 6*u + 6. Let p be d(7). Suppose 2*z = -2*z + p. Let q = -169 + z. What is the units digit of q?
8
Let h be -15*(-3)/54 + (-1979)/6. Let l = 533 + h. What is the hundreds digit of l?
2
Let g(u) = 3*u - 26. Let o be g(10). Suppose -o*s - 8 = -2*s. What is the units digit of (13 - 6/(-2)) + s?
2
Suppose -499*f + 2260151 + 2241328 = 0. What is the tens digit of f?
2
Let v be 9*16/(-24) + 6. Suppose 13*b - 9456 - 1867 = v. What is the tens digit of b?
7
Let h(b) = 44*b**3 + 3*b**2 - 34*b + 29. What is the tens digit of h(5)?
3
Suppose -134*t - 123*t + 1581064 = 0. What is the thousands digit of t?
6
Suppose 0 = -180*v + 182*v - 17418. What is the hundreds digit of v?
7
Let z(j) = -16*j**3 - 32*j**2 - 109*j + 5. What is the tens digit of z(-11)?
2
Let w be -2*(-20)/(-8)*-3. Suppose 1876 = 3*f - 10*t + 12*t, 3*t = w. What is the units digit of f?
2
Suppose 0 = -8*o + 10*o. Suppose 2*k + 546 + 625 = 3*p, -p + 3*k + 388 = o. What is the hundreds digit of p?
3
Let w(k) = k**3 + 25*k**2 + 24*k - 22. Let d be w(-24). What is the hundreds digit of 5056/20 + d/(-10) + -2?
2
Let u(n) = n**3 + 2*n**2 + 16*n - 16. Let f be u(10). Suppose -888 = -6*v + f. What is the tens digit of (v/(-36))/((1/3)/(-1))?
3
Let r = -101 - -142. Let k(p) = -r - 3*p + 2*p + 61. What is the tens digit of k(6)?
1
Let p(v) = v**2 + 8*v - 30. Let q be p(-9). What is the hundreds digit of (-24760)/(-70) - 6/q?
3
Let y be (-4)/18 - 87/(-27). Let d(t) = t**2 - 4*t + 6. Let x be d(y). Let f(q) = -2*q + 12. What is the units digit of f(x)?
6
Suppose 0 = 5*m + 300 - 330. Suppose m*y = 12*y - 894. What is the units digit of y?
9
Let u(t) = -3*t**2 + 64*t - 4. What is the units digit of u(15)?
1
Let w = -4767 - -13336. What is the units digit of w?
9
Suppose 8*j - 191 = 7*j. Suppose 4*h = 153 + j. Let n = 127 - h. What is the units digit of n?
1
Let w(n) = 12*n**2 - 11*n + 24. Let l(i) = -14*i**2 + 11*i - 25. Let g(q) = 5*l(q) + 6*w(q). What is the hundreds digit of g(15)?
3
Suppose 69435 = 19*x - 76884. What is the tens digit of x?
0
Let a(o) = 30 + 59*o + 5 - 10 + 10. Let v be a(5). Suppose -5*u = -3*u - v. What is the hundreds digit of u?
1
What is the ten thousands digit of ((-78)/8)/((-120)/(-160))*-2825?
3
Suppose -3*r - 7296 = -3*d, d - 126*r - 2408 = -131*r. What is the hundreds digit of d?
4
Let f = -54 - -384. Suppose 3*a + b + 3*b - f = 0, 3*b = -a + 110. What is the tens digit of a?
1
Let j(n) = 13*n - 4. Let q(s) = 14*s - 4. Let r = -8 + 12. Let m(u) = r*q(u) - 5*j(u). What is the tens digit of m(-1)?
1
Suppose 0 = -4*t - 3*l - 17, 2*t + 0*l - 5*l - 11 = 0. What is the hundreds digit of -1043*(6 - 4)/t?
0
Suppose 28*v = -11 + 207. Let p be 2/5*(988 - 3). What is the units digit of p/v - (40/(-7) - -6)?
6
Suppose -2*h - 2 - 4 = 0, 4*m = 2*h + 22. Suppose m = -5*t + 24. Let c(b) = 21*b + 9. What is the tens digit of c(t)?
9
Let c = -422 + 433. Suppose 16*o - c*o - 2690 = 0. What is the tens digit of o?
3
Suppose 4*d - d - 195 = 0. Let f = 61 - d. What is the tens digit of f/(-7) - 1*3075/(-21)?
4
Suppose 4*m = -3*j + 3519 + 734, 3*m - 3195 = -4*j. What is the thousands digit of m?
1
Let p = -52 + 62. Suppose p*o = 11114 + 4176. What is the tens digit of o?
2
Let x = 6 - 12. Let h(d) = 9*d**2 - 12*d - 5. Let z(v) = -22*v**2 + 30*v + 12. Let y(o) = -12*h(o) - 5*z(o). What is the units digit of y(x)?
8
Let l = -841 - -868. Suppose 0 = -l*x + 19*x + 8112. What is the units digit of x?
4
Suppose 283*a - 3053930 = 173*a. What is the hundreds digit of a?
7
Let m = 12997 + 1044. What is the hundreds digit of m?
0
What is the thousands digit of 2637/(-6153) - (136364/(-42) + (-2)/3)?
3
What is the units digit of (13 - 1/1)*(162904/84 - 37)?
8
Let q(s) = -s - s - 5*s - s**3 - 14 + 5*s - s**2. Let w be q(-4). Suppose d - w = 4*f, -3*d + 3*f = -4*d + 63. What is the units digit of d?
4
Let j = 5 + 85. Let a(r) = -4*r**3 + 17*r**2 + 11*r. Let d be a(5). Let o = d + j. What is the units digit of o?
0
Let l = 31 + -196. Let c = 385 - l. What is the hundreds digit of c?
5
Suppose 5 = -0*a + a, -5*a + 29 = p. What is the hundreds digit of p + -358*(-25)/10?
8
Let a = -2712 - -1584. Let c = a - -1813. What is the units digit of c?
5
Suppose 2*v - 28 = -2*q + 4*v, 4*v = -4*q + 16. Suppose 5*r - 1792 = 5*k - q*k, 3*r - 1077 = -3*k. What is the tens digit of r?
5
Let g(p) = 28*p - 20 + 1532*p**3 - 4*p**2 - 1533*p**3 - 5*p**2. What is the hundreds digit of g(-15)?
9
Suppose 0 = -4*v + 228 + 3308. Suppose -16*a = -14*a - v. What is the units digit of a?
2
What is the units digit of (-192846)/(-24) - 117/52?
3
Let j(h) = 4*h**2 + 5*h + 714. Suppose 2*q - 2 = 4*s - 0*q, 5*s - q = -1. What is the hundreds digit of j(s)?
7
Let b(t) = 2*t**3 + 31*t**2 - 14*t + 39. Let d be b(-16). Suppose 560 = d*h - 1582. What is the tens digit of h?
0
Let d = 9521 - -5441. What is the thousands digit of d?
4
Let d = -862 - -1530. Let z = d + -433. Let v = -112 + z. What is the hundreds digit of v?
1
Let s(k) = -33*k**3 + 2*k**2 + 3*k. Let w be s(-1). Let q(d) = -2*d + 89. What is the tens digit of q(w)?
2
Let n be (13 - 1)*(2/6)/1. Suppose 5*t + 3*k = n*k + 807, -3*t - 2*k = -492. Let x = t + -80. What is the tens digit of x?
8
Suppose 3*f = 4*o + 5076, 13*f - 18*f - o = -8483. What is the hundreds digit of f?
6
Suppose -4*g = 2*l - 55856, 3*l = 5*g - 30618 + 114314. What is the thousands digit of l?
7
Let a = -15 + 18. Suppose 5*b = 3*c - 0*c - 2948, 3*c + 4*b = 2939. Suppose c = a*p + 6*p. What is the tens digit of p?
0
Let o(b) = -16*b + 7. Let v be o(-9). Suppose -5*a - 4*g = v, g + 125 = -4*a + 2*g. Let l = a + 39. What is the units digit of l?
8
What is the ten thousands digit of 8/(-22) + 75645750/4125?
1
Suppose -107*x + 111*x - 20935 = -5*n, 3*x - 3*n = 15735. What is the hundreds digit of x?
2
Let i(a) = 5*a**3 - 24*a**2 - 11*a + 134. Let g be i(22). What is the thousands digit of 6/45 + (g/30 - 4)?
1
Suppose -8*t - 104 - 88 = 0. Let s = t + 24. Suppose s = -12*v + 8*v + 480. What is the hundreds digit of v?
1
Let o(s) = 2035*s + 118. Let y be o(14). Suppose -11494 = 43*h - y. What is the hundreds digit of h?
3
Let q(m) = -37*m**3 - 2*m**2 - m. Let y be q(-1). Let o be ((-2)/3)/(8/y). What is the tens digit of (-2)/o + (-358)/(-3)?
2
Suppose -2*b + 128 = -2*a + 626, 4*a = b + 1011. Suppose -674 = -2*y + 246. Let l = y - a. What i